 = 490 + -466. Calculate the remainder when 135 is divided by i - (-1 + 0)*-5.
2
Suppose 2*q + 32 = 4*q. Let p(z) = z**3 + 2*z**2 - 2*z. Let v be p(-3). What is the remainder when q is divided by ((-8)/v)/1*(-3)/(-2)?
0
Let w = -24343 - -24393. What is the remainder when 11948 is divided by w?
48
Suppose 4*o = -j + 15, -20 = -3*o + o + 2*j. Suppose z - 6*z - 3*f = -455, -f - 455 = -o*z. Calculate the remainder when z is divided by 32.
27
Let i = 29788 - 29351. Calculate the remainder when i is divided by 44.
41
Suppose 4*t + 30 = -t - 5*q, 2*t + 6 = -5*q. What is the remainder when 129 is divided by 120*(t/(-40))/((-3)/(-5))?
9
Let r be 9*(-4)/60 + (-46)/(-10). Suppose -a + h + 29 = 3*h, 0 = 4*h - r. What is the remainder when 51 is divided by a?
24
Let w be 15/(-45)*(1 - 619). Suppose 2*z - 8 = 0, -j - 4*j + z = -w. Suppose 125 = 5*n + 4*o + j, 5*n - o = 98. Calculate the remainder when 30 is divided by n.
11
Let a = -8826 + 8962. What is the remainder when 426 is divided by a?
18
Let j be (3 + -6 + -60)*(1 - 2). Let z = 22 + j. Suppose 6*c + z = 11*c. Calculate the remainder when 50 is divided by c.
16
Let a = -430 + 616. Suppose 4*c = 4*x - 420, -3*x = -5*x - 4*c + a. Let w = -91 + x. Calculate the remainder when w is divided by 7.
3
Suppose -16*q + 3*q = -3016. Let y(t) = -13*t - 57. Calculate the remainder when q is divided by y(-7).
28
Suppose 2*m - 16*q + 17*q = 1108, -3*m - q = -1664. What is the remainder when m is divided by 186?
184
Let h(g) = 2*g**3 - 13*g**2 + 8*g + 3. Suppose 6 = -l - 4*t, -l + 2 = 3*t + 5. Calculate the remainder when 44 is divided by h(l).
14
Suppose 2*i = 3*n - 40, -3*n - 10*i + 47 = -5*i. Let c = 201 - 122. Calculate the remainder when c is divided by n.
9
Let i(t) = t**2 + 13*t + 14. Let l be i(-12). Suppose 572 = -l*u - 2*u. Let r = u - -203. Calculate the remainder when r is divided by 32.
28
Suppose -84*n - 14 + 992 = -4230. What is the remainder when n is divided by 5?
2
Suppose -4*h + 25 = -55. Let k(t) = 4*t**2 + 5*t + 1. What is the remainder when h is divided by k(-2)?
6
Let d = 710 - 108. Suppose 6*s - 616 = d. Calculate the remainder when s is divided by 44.
27
Suppose 8*u - 170 = -u - 8*u. Let j(q) = q + 3. Suppose 0*s + 4 = 4*s + 2*t, -s - 5*t - 17 = 0. Calculate the remainder when u is divided by j(s).
4
Suppose 4247*c = 4239*c + 288. Calculate the remainder when 49 is divided by c.
13
Calculate the remainder when (-203)/(-1) - (116/14 - (-116)/(-406)) is divided by 78.
39
Suppose 3104 = 11*h + 2268. What is the remainder when 679 is divided by h?
71
Let z = 12 - 21. Let v = z + 18. What is the remainder when (-744)/(-31) + (-16)/2 is divided by v?
7
Let f = 1042 + -1017. Let j(m) = 10*m - 4. Calculate the remainder when j(5) is divided by f.
21
Let m be 0*(14/4)/(-7). Suppose m = 6*p - 199 + 85. Let f = 68 - 32. What is the remainder when f is divided by p?
17
Let r be (-2 + (-22)/(-8))/((-12)/96). Let g be -1*(-3)/(r/19)*2. Let h = 20 - g. Calculate the remainder when h is divided by 4.
3
Suppose -3*p + 5*i + 10584 = 0, 2 - 8 = i. Calculate the remainder when p is divided by 22.
20
Suppose 16*x = 463 + 1265. Calculate the remainder when 211 is divided by x.
103
Let t = -311 + 311. Suppose 5*z - 12 = 2*u + 66, -2*u - 22 = -z. Let m = z - t. What is the remainder when 39 is divided by m?
11
Let y be 16/(-12) + (-11858)/21 + 6. Let l = y - -579. What is the remainder when l is divided by 1 + -1*4*-1?
4
Suppose 0 = 63*s - 41*s + 3850. Calculate the remainder when s/(-140)*20*5 is divided by 35.
20
Let b(d) = d**3 + 13*d**2 + 7*d - 23. Let r be b(-12). Suppose -r = -4*l + 79. What is the remainder when l is divided by 9?
2
Let w(z) = -z**2 + 12*z - 22. Let b be -3*16/(-12) + 0. Suppose -b*g - 5*u + 33 = 0, -2*u = -3*u + 1. Calculate the remainder when 48 is divided by w(g).
9
Let a be -21*(-1)/(-3)*3. What is the remainder when 6/54 - (-7)/((-378)/(-2370)) is divided by (-350)/a - 4/6?
12
Let n = -633 - -670. Suppose -860 = -3*h + 130. Calculate the remainder when h is divided by n.
34
Let j(w) = 44*w - 631. Calculate the remainder when 1127 is divided by j(15).
25
Let n = 14 - 6. Let g(k) = 3*k**3 + k**3 - k - 5*k**3 + 2*k - 7 + n*k**2. Calculate the remainder when g(7) is divided by 18.
13
Let l(n) = n**3 + 20*n**2 + 12*n + 23. What is the remainder when 4054 is divided by l(-19)?
154
Let n(a) = 4*a - 177. Let c be n(-13). Let p = -218 - c. Calculate the remainder when 86 is divided by p.
9
Let l = -217 - -232. Suppose 167 = 7*j - l. Calculate the remainder when 67 is divided by j.
15
Let l(h) be the second derivative of h**5/20 + 7*h**4/6 - 8*h**3/3 + 43*h**2 + 2*h + 91. What is the remainder when l(-15) is divided by 21?
17
Let v = -45 - -56. Calculate the remainder when 48 is divided by (-31)/(-1) - (v - 4)/7.
18
Let y(c) = 27*c + 24. Let v be y(-19). Let u = v + 517. What is the remainder when 642 is divided by u?
26
Suppose -488 = -112*m - 82*m + 9212. What is the remainder when 390 is divided by m?
40
Let r(v) = -2*v**3 + 2*v**2 - v + 208. Suppose 0 = 2*y - 4*y + n + 1, 3*n + 3 = 0. Calculate the remainder when r(y) is divided by 21.
19
Let s(y) = -4*y**3 - 5*y**2 - 17*y - 8. Let z = 8 - -2. What is the remainder when s(-3) is divided by z?
6
Suppose -15*r + 122 - 167 = 0. Let l(v) = 24*v**2 - 5*v - 6. Calculate the remainder when l(r) is divided by 55.
5
Suppose -41*c + 1396 = 371. What is the remainder when 105 is divided by 1*-9*(-27 + c)?
15
Suppose -4*j = -5*y + 629, 0 = 679*y - 682*y + 2*j + 379. What is the remainder when 236 is divided by y?
107
Let v = -211 + 415. Let d be 0 - (-3366)/(-24) - 3/4. Let f = v + d. Calculate the remainder when f is divided by 11.
8
Suppose 2987 = -91*p + 170*p - 94. What is the remainder when 7*(0/2 - -31) is divided by p?
22
Suppose 11*n + 7745 = 27*n + 1361. What is the remainder when n is divided by 150?
99
Let h = 34 + -39. Let p be (h/3 - -1)/(2/(-6)). Suppose -146 = -p*u + 68. Calculate the remainder when u is divided by 22.
19
Let l(k) = 2*k**2 - 8*k - 5. Let a be l(-5). Suppose 16*r = 277 - a. What is the remainder when 191 is divided by r?
11
Let v = 116 + -94. Let g(l) = -129*l**3 + 8*l**2 + 128*l**3 - v*l**2 - 7 + 19*l. What is the remainder when g(-16) is divided by 29?
27
Let y(m) = -132*m - 96. What is the remainder when y(-2) is divided by 70?
28
Let x be (-2)/(-5) + (-128)/(-80). Suppose 6 = -5*j + 31, -2*s + x*j + 200 = 0. What is the remainder when s is divided by 37?
31
Suppose -3*s + 7809 = 4*k, -s + k - 5*k = -2595. What is the remainder when s is divided by 30?
27
Suppose 13*i + 1770 = 28*i. Let s(v) = v**3 + 21*v**2 - 12*v - 18. What is the remainder when s(-21) is divided by i?
116
What is the remainder when (13/2 - -6)/(2/580) is divided by 37?
36
Suppose -117 = -8*w - 29. Let z(r) = 4*r - w + 0*r + r. Calculate the remainder when 35 is divided by z(6).
16
Let u(f) = f**3 - 4*f**2 + f - 3. Suppose -211*m + 490 = -162*m. Calculate the remainder when u(5) is divided by m.
7
Let d(h) = 8*h**2 - 8. Suppose -7*t = 5*s - 4*t - 220, -44 = -s - 5*t. Let k = -13 + s. Calculate the remainder when d(-4) is divided by k.
27
Calculate the remainder when 797 is divided by ((-4 + 2)*6/20)/((-169)/6760).
5
Suppose 0*v + 5*z = -v, -3*v + 19 = -4*z. Suppose -51 = 4*c - 8*c - 5*w, v*c - 65 = -5*w. What is the remainder when 49 is divided by c?
7
Let y(f) = -224*f + 13668. Suppose 2*t = 3*v - 20, 2*v + 4*t + 12 = 36. What is the remainder when v is divided by y(61)?
0
Let t = 480 + -409. Calculate the remainder when 708 is divided by t.
69
Suppose 53*g = -458 + 1234 + 1026. Let s(z) = z**2 - 3*z - 5. What is the remainder when g is divided by s(5)?
4
Suppose -g = -3*o - 313 + 204, 204 = 2*g + o. What is the remainder when g is divided by 12?
7
Let l(a) = -11*a - 6. Let d be (-3 - 1 - -2 - 1) + 1. Let w = d + 18. What is the remainder when l(-6) is divided by w?
12
Suppose -5*q - 14*z = -16*z - 22, z - 11 = -3*q. Calculate the remainder when 292 is divided by q.
0
Let v = -2 - 3. Let g(y) = -25*y**3 + y**2 + 639*y + 639. Calculate the remainder when (-20)/6*228/v is divided by g(-1).
22
Calculate the remainder when 12/(-10) + (-392840)/(-575) is divided by 9.
7
What is the remainder when 754 is divided by (-66)/231 - (7755/(-21) + 0)?
16
Supp